.
18
Let p(n) = 166*n + 6. Calculate the remainder when p(1) is divided by 35.
32
Let h = 0 - -6. Calculate the remainder when (-14 - -19)/((-2)/(-6)) is divided by h.
3
Let w = 96 + -51. Let m = w + -26. What is the remainder when 36 is divided by m?
17
Suppose -8 = -4*l, 2*u + 12 = -3*u + l. Let o(x) = -x**3 - x**2 - 2*x - 3. Calculate the remainder when 9 is divided by o(u).
4
Let g(f) = 2*f + 1. Let q = 8 + -7. Suppose 1 = b - q. Calculate the remainder when g(1) is divided by b.
1
Let q = 47 - 25. Let o(n) be the first derivative of 3*n**2/2 - 3*n + 1. Calculate the remainder when q is divided by o(5).
10
Let t(k) = -k**3 - 7*k**2 + 4*k - 25. Calculate the remainder when t(-8) is divided by 4.
3
Suppose -2*s + l - 5 = 5, 0 = 3*s + 2*l + 8. Calculate the remainder when 42 is divided by s/3 - 140/(-6).
20
Let v(q) = -q**3 - 2*q**2 + 7*q + 5. Calculate the remainder when (-12 + -4)/(-2 - 3/(-3)) is divided by v(-4).
7
Suppose -2*a - 3*a - 5 = 0. Let k = 1 - a. Suppose k*x - 65 = -3*x. Calculate the remainder when 37 is divided by x.
11
Suppose 3 = 2*o + o, -3*c + 4 = 4*o. Let t(g) = c + g**3 - 2*g**3 - 4*g + 6*g**2 + 4. What is the remainder when 26 is divided by t(5)?
8
What is the remainder when 14/8*-4*(-9 + 4) is divided by 13?
9
Suppose -3*t = -5*v + 161, 0*v + t = 2*v - 65. Calculate the remainder when v is divided by 19.
15
Suppose 0 = 2*n - 41 + 7. Suppose -15*s + 8*s = -63. What is the remainder when n is divided by s?
8
Let b(c) = c**3 + 2*c**2 - c + 2. Let h be b(-4). Let y = -15 - h. Suppose 31 = 3*v - 62. Calculate the remainder when v is divided by y.
9
Suppose 0 = -3*g - 11 - 7. Calculate the remainder when (-282)/g + 1 + -2 is divided by 12.
10
Suppose 29 = -4*o - 3. Let g = o + 20. Suppose -k - k - 2 = 0, 0 = 4*a - k - 141. What is the remainder when a is divided by g?
11
Suppose -3*t - 6*w + 4*w = -176, -2*t = -2*w - 114. What is the remainder when t is divided by 20?
18
Let o(u) = -2 - u**2 + 4 + 0*u**3 - 4 + 3*u - u**3. Suppose c = 4*n + 15, -2*c + 0*n = 4*n + 6. What is the remainder when o(-3) is divided by c?
1
Suppose -2*f + 5*f - 96 = -z, 3*f = -2*z + 207. Calculate the remainder when z is divided by 29.
24
Let p(q) = -q**3 + 7*q**2 + q - 18. What is the remainder when 142 is divided by p(6)?
22
Suppose -10*w + 30 = -9*w. Calculate the remainder when w is divided by 8.
6
Suppose 4*u + 1 = 9. Suppose -u - 20 = -a. What is the remainder when a is divided by 8?
6
Let b be (4/6)/(3/(-9)). Let m be 1*(-33)/(-6)*b. Let c = m + 23. What is the remainder when 23 is divided by c?
11
Suppose -13 = -4*t - 5. Suppose q + 5 = 0, -3*k - t*q + 11 = -6. Suppose 3*a = w - 5, -w + 3*a + 10 = w. What is the remainder when k is divided by w?
4
Calculate the remainder when (1 - 2)*(-96 - -13) is divided by 17.
15
Suppose 3*p = -k + 13, 5*p - 2*k + 0*k = 7. Let a = 89 - 85. Suppose 3*t = -a*j - 4, 4*j - p*j - 8 = -3*t. What is the remainder when 5 is divided by t?
1
Suppose -5*t - 3*m = 3, 3*m + 2 = -3*t + m. Let b = t - -1. What is the remainder when (b + 10)*(6 - 4) is divided by 8?
6
What is the remainder when 0 + (-12)/8 + (-462)/(-4) is divided by 23?
22
Suppose 5*b + 2 = 4*y + 7, 0 = 3*b + 5*y + 34. Calculate the remainder when (b/9)/((-1)/18) is divided by 2.
0
Suppose 0 = 2*u + 3*u - 20. Suppose 0 = -u*f + 20 + 92. Calculate the remainder when f is divided by 10.
8
Let l(p) = -38*p**3 - 2*p**2 - 3*p - 1. What is the remainder when l(-1) is divided by 8?
6
Let h(z) = 3*z**2 + 4*z + 1. Let l be h(-2). Let t = -7 + 24. Suppose 0 = 3*w + l - t. What is the remainder when 6 is divided by w?
2
Let y(w) = -w**2 + 8*w - 7. Let j be y(7). Calculate the remainder when 12 is divided by 2 + (2 - j) + 0.
0
Suppose f = 4*w + 2, -3*w + 0*w - 73 = -4*f. Suppose i - 131 = -42. Suppose 0 = 5*v - i + 29. What is the remainder when f is divided by v?
10
Let m be (2 - (0 + 1)) + 4. Suppose -2*w = -3*j - j + 14, m*w - 55 = -5*j. Calculate the remainder when 11 is divided by j.
5
Let u(w) = 18*w**2 + 2*w - 1. Suppose -3*l - l + 2*f = -210, -5*l - 3*f + 290 = 0. Calculate the remainder when l is divided by u(1).
17
Suppose -20 = -5*b, 4*u = -2*b + 71 + 729. Calculate the remainder when u is divided by 20.
18
Suppose -4*i - 30 = i. Let b(v) = -v**2 - 6*v + 10. What is the remainder when b(i) is divided by 6?
4
Let y(u) = -8*u + 14. Calculate the remainder when y(-8) is divided by 40.
38
Let d(i) = 2*i + 5. Let v be d(-5). Let p = v - -23. Let b = p - -3. What is the remainder when b is divided by 11?
10
Let c = 4 - 0. Let y = -224 - -233. What is the remainder when y is divided by c?
1
Let q(m) = -m**3 + 6*m**2 + 6*m - 7. Let n be q(8). Let o = n - -128. What is the remainder when o is divided by (-21)/(-2)*(-4)/(-3)?
13
Let o = 33 + -13. Let r = o - 13. Calculate the remainder when (-3)/(-4)*(5 - -11) is divided by r.
5
Suppose 0*c + 5*c + 13 = u, -2*u - 3*c + 13 = 0. Calculate the remainder when u is divided by (0 + -4)*10/(-8).
3
Suppose 5*s = 25, -2*a + 16 = 5*s - 43. Let g = 22 - 13. Calculate the remainder when a is divided by g.
8
Let l(a) = -a**3 - 6*a**2 - 5. Let w be l(-6). Let k = w + 15. What is the remainder when 38 is divided by k?
8
Suppose 60 = 6*n - 48. Suppose 0*y = -3*y + 207. Calculate the remainder when y is divided by n.
15
Let p(c) = -c**3 - 6*c**2 - 3*c + 13. Suppose 0 = u + b + b - 1, 0 = -3*u - 4*b + 13. What is the remainder when u is divided by p(-5)?
2
Let l = -4 + 38. Calculate the remainder when 53 is divided by l.
19
Let i(k) = -k**2 + 4*k + 7. Suppose 2*n - 5 = n. Calculate the remainder when n is divided by i(5).
1
Let b be (-2)/(0 + (-3)/12). Suppose -d - 4*d - 4*i = -22, d - i = b. Suppose -2*x + d*x - 116 = 0. What is the remainder when x is divided by 10?
9
Suppose b - 61 = -31. Calculate the remainder when 55 is divided by b.
25
Suppose -c + 6*c + 5 = 0. Let v = 0 - c. Suppose -a - v = -3. Calculate the remainder when 3 is divided by a.
1
Let r = 50 + -35. Suppose 5*g - 122 = 2*d, g + 4*d = -d + 46. Calculate the remainder when g is divided by r.
11
Let x(p) = -p**3 + 9*p**2 + 10*p + 6. Let q be x(10). Calculate the remainder when ((-4)/3)/(q/(-171)) is divided by 13.
12
Suppose -2*j - 10 = -3*v - 0*j, -2*j - 14 = -5*v. Suppose 3*w = -v*w + 70. What is the remainder when 54 is divided by w?
12
Let q(g) = g**3 + 4*g**2 + g + 4. Let z be q(-4). Suppose 5*w - 122 - 58 = z. What is the remainder when w is divided by 13?
10
Let q(j) be the first derivative of j**3/3 + 3*j**2 - 4*j - 3. Let v be q(-5). What is the remainder when 52 is divided by 2/(-9) - 164/v?
16
Let d(b) = -143*b - 1. Let y be d(-1). Let s = y + -81. What is the remainder when s is divided by 21?
19
Let i = -14 + 27. Suppose -51 = -2*q + q. Calculate the remainder when q is divided by i.
12
Let n(f) = f**2 + 8*f - 17. Suppose 0 = -3*w + 6. What is the remainder when n(-10) is divided by w?
1
Suppose -3*h + 7*g = 3*g - 49, 130 = 5*h + 3*g. Let q = -60 + 128. Calculate the remainder when q is divided by h.
22
Let n be (-330)/(-4)*8/6. Suppose f - n = -4*f. Suppose 2*h + 106 = 3*g, g + h - f = -h. What is the remainder when g is divided by 11?
10
Suppose -5*u - v + 5*v + 8 = 0, 3*v = 3*u - 3. Let f be 1632/28 + u/(-14). Suppose 13 - f = -3*o. Calculate the remainder when 28 is divided by o.
13
Suppose -4*z + 40 = 4*s, 5*s - 20 - 6 = 3*z. What is the remainder when 18 is divided by s?
4
Let f = 0 - -21. What is the remainder when (2 - (3 + -42))*(-2)/(-2) is divided by f?
20
Let n(v) = v**2 + 3*v - 5. Let i be n(5). Suppose i = 3*m + 5. Let y(t) = t**2 + 48*t - 97. What is the remainder when m is divided by y(-50)?
1
Let o be (0 - 4/(-10))*-90. Calculate the remainder when 24 is divided by (5/10)/((-2)/o).
6
Suppose x + 0 = -3*w - 2, -10 = -3*w + 5*x. Let n = w + 17. What is the remainder when 83 is divided by n?
15
Let k = 127 - 82. What is the remainder when k is divided by 12?
9
Suppose -5*q = 5*l - 100, -5*q - l + 101 = 13. Let t(n) = n**3 + 5*n**2 + 5*n + 3. Let m be 9/(-2)*4/6. What is the remainder when q is divided by t(m)?
5
Let l = 9 - -4. Suppose -5*k + 7*a - 106 = 4*a, 14 = -k + 3*a. Let q = 1 - k. Calculate the remainder when q is divided by l.
11
Let y = -12 + 17. Let f(c) = c**3 - 5*c**2 + 2. Let n be f(y). Suppose -h + n = -6. What is th